{"id":1089,"date":"2022-08-12T21:30:16","date_gmt":"2022-08-13T00:30:16","guid":{"rendered":"https:\/\/isfdrec-sal.infd.edu.ar\/sitio\/?page_id=1089"},"modified":"2022-08-12T21:30:18","modified_gmt":"2022-08-13T00:30:18","slug":"fundamentos-del-profesorado-de-lengua-y-literatura","status":"publish","type":"page","link":"https:\/\/isfdrec-sal.infd.edu.ar\/sitio\/fundamentos-del-profesorado-de-lengua-y-literatura\/","title":{"rendered":"Fundamentos del Profesorado de Lengua y Literatura"},"content":{"rendered":"\n<p>Desde el campo espec\u00edficamente disciplinar podemos decir que el lenguaje es constitutivo de la identidad de las personas como sujetos individuales y sociales. A trav\u00e9s del lenguaje tenemos conciencia de nuestro yo; revisitamos nuestra historia personal, la de nuestro grupo y la de los otros en un amplio arco temporal; imaginamos posibles devenires y mundos alternativos. Nuestro conocimiento sobre nosotros mismos y sobre el mundo se enriquece, en gran medida, a partir de las experiencias que se desarrollan al leer, escribir, hablar y escuchar. (Direcci\u00f3n Nacional de Gesti\u00f3n Curricular y Formaci\u00f3n Docente. Ministerio de Educaci\u00f3n. Presidencia de la Naci\u00f3n. 2009)  <\/p>\n","protected":false},"excerpt":{"rendered":"<p>Desde el campo espec\u00edficamente disciplinar podemos decir que el lenguaje es constitutivo de la identidad de las personas como sujetos individuales y sociales. A trav\u00e9s del lenguaje tenemos conciencia de nuestro yo; revisitamos nuestra historia personal, la de nuestro grupo y la de los otros en un amplio arco temporal; imaginamos posibles devenires y mundos &#8230; <a title=\"Fundamentos del Profesorado de Lengua y Literatura\" class=\"read-more\" href=\"https:\/\/isfdrec-sal.infd.edu.ar\/sitio\/fundamentos-del-profesorado-de-lengua-y-literatura\/\" aria-label=\"More on Fundamentos del Profesorado de Lengua y Literatura\">[+]<\/a><\/p>\n","protected":false},"author":14,"featured_media":0,"parent":0,"menu_order":0,"comment_status":"closed","ping_status":"closed","template":"","meta":[],"acf":[],"_links":{"self":[{"href":"https:\/\/isfdrec-sal.infd.edu.ar\/sitio\/wp-json\/wp\/v2\/pages\/1089"}],"collection":[{"href":"https:\/\/isfdrec-sal.infd.edu.ar\/sitio\/wp-json\/wp\/v2\/pages"}],"about":[{"href":"https:\/\/isfdrec-sal.infd.edu.ar\/sitio\/wp-json\/wp\/v2\/types\/page"}],"author":[{"embeddable":true,"href":"https:\/\/isfdrec-sal.infd.edu.ar\/sitio\/wp-json\/wp\/v2\/users\/14"}],"replies":[{"embeddable":true,"href":"https:\/\/isfdrec-sal.infd.edu.ar\/sitio\/wp-json\/wp\/v2\/comments?post=1089"}],"version-history":[{"count":1,"href":"https:\/\/isfdrec-sal.infd.edu.ar\/sitio\/wp-json\/wp\/v2\/pages\/1089\/revisions"}],"predecessor-version":[{"id":1091,"href":"https:\/\/isfdrec-sal.infd.edu.ar\/sitio\/wp-json\/wp\/v2\/pages\/1089\/revisions\/1091"}],"wp:attachment":[{"href":"https:\/\/isfdrec-sal.infd.edu.ar\/sitio\/wp-json\/wp\/v2\/media?parent=1089"}],"curies":[{"name":"wp","href":"https:\/\/api.w.org\/{rel}","templated":true}]}}