{"id":1047,"date":"2022-08-11T21:36:53","date_gmt":"2022-08-12T00:36:53","guid":{"rendered":"https:\/\/isfdrec-sal.infd.edu.ar\/sitio\/?page_id=1047"},"modified":"2025-07-16T22:16:39","modified_gmt":"2025-07-17T01:16:39","slug":"fundamentos-de-la-educacion-especial","status":"publish","type":"page","link":"https:\/\/isfdrec-sal.infd.edu.ar\/sitio\/fundamentos-de-la-educacion-especial\/","title":{"rendered":"Fundamentos de la Educaci\u00f3n Especial"},"content":{"rendered":"\n<p class=\"has-base-background-color has-background\">La Educaci\u00f3n Especial es la modalidad del Sistema Educativo destinada a asegurar el derecho a la Educaci\u00f3n de las personas con discapacidades, temporales o permanentes, en todos los niveles y modalidades del Sistema. Se rige por el principio de inclusi\u00f3n educativa y brinda atenci\u00f3n educativa a todos aquellas problem\u00e1ticas espec\u00edficas que no puedan ser abordadas por la educaci\u00f3n com\u00fan. Debe garantizar la integraci\u00f3n de los alumnos con discapacidades en todos los niveles y modalidades seg\u00fan las capacidades de cada persona. (Ley de Educaci\u00f3n Nacional &#8211; Art\u00edculo 42)<\/p>\n\n\n\n<p><\/p>\n\n\n\n<p><\/p>\n","protected":false},"excerpt":{"rendered":"<p>La Educaci\u00f3n Especial es la modalidad del Sistema Educativo destinada a asegurar el derecho a la Educaci\u00f3n de las personas con discapacidades, temporales o permanentes, en todos los niveles y modalidades del Sistema. Se rige por el principio de inclusi\u00f3n educativa y brinda atenci\u00f3n educativa a todos aquellas problem\u00e1ticas espec\u00edficas que no puedan ser abordadas &#8230; <a title=\"Fundamentos de la Educaci\u00f3n Especial\" class=\"read-more\" href=\"https:\/\/isfdrec-sal.infd.edu.ar\/sitio\/fundamentos-de-la-educacion-especial\/\" aria-label=\"More on Fundamentos de la Educaci\u00f3n Especial\">[+]<\/a><\/p>\n","protected":false},"author":1766,"featured_media":0,"parent":0,"menu_order":0,"comment_status":"closed","ping_status":"closed","template":"","meta":[],"acf":[],"_links":{"self":[{"href":"https:\/\/isfdrec-sal.infd.edu.ar\/sitio\/wp-json\/wp\/v2\/pages\/1047"}],"collection":[{"href":"https:\/\/isfdrec-sal.infd.edu.ar\/sitio\/wp-json\/wp\/v2\/pages"}],"about":[{"href":"https:\/\/isfdrec-sal.infd.edu.ar\/sitio\/wp-json\/wp\/v2\/types\/page"}],"author":[{"embeddable":true,"href":"https:\/\/isfdrec-sal.infd.edu.ar\/sitio\/wp-json\/wp\/v2\/users\/1766"}],"replies":[{"embeddable":true,"href":"https:\/\/isfdrec-sal.infd.edu.ar\/sitio\/wp-json\/wp\/v2\/comments?post=1047"}],"version-history":[{"count":2,"href":"https:\/\/isfdrec-sal.infd.edu.ar\/sitio\/wp-json\/wp\/v2\/pages\/1047\/revisions"}],"predecessor-version":[{"id":1834,"href":"https:\/\/isfdrec-sal.infd.edu.ar\/sitio\/wp-json\/wp\/v2\/pages\/1047\/revisions\/1834"}],"wp:attachment":[{"href":"https:\/\/isfdrec-sal.infd.edu.ar\/sitio\/wp-json\/wp\/v2\/media?parent=1047"}],"curies":[{"name":"wp","href":"https:\/\/api.w.org\/{rel}","templated":true}]}}