{"id":1040,"date":"2022-08-11T21:04:39","date_gmt":"2022-08-12T00:04:39","guid":{"rendered":"https:\/\/isfdrec-sal.infd.edu.ar\/sitio\/?page_id=1040"},"modified":"2025-07-16T17:11:20","modified_gmt":"2025-07-16T20:11:20","slug":"plan-de-estudio-y-regimen-de-correlatividades","status":"publish","type":"page","link":"https:\/\/isfdrec-sal.infd.edu.ar\/sitio\/plan-de-estudio-y-regimen-de-correlatividades\/","title":{"rendered":"Plan de Estudio y R\u00e9gimen de Correlatividades &#8211; Profesorado de Educaci\u00f3n Especial con Orientaci\u00f3n en Discapacidad Intelectual"},"content":{"rendered":"\n<p>Podr\u00e1s acceder a esta informaci\u00f3n haciendo clic <a href=\"https:\/\/isfdrec-sal.infd.edu.ar\/sitio\/wp-content\/uploads\/2022\/08\/Res.-4273-19-Plan-de-Estudios-y-Regimen-de-correlatividades-E.pdf\">AQUI<\/a>  <\/p>\n","protected":false},"excerpt":{"rendered":"<p>Podr\u00e1s acceder a esta informaci\u00f3n haciendo clic AQUI<\/p>\n","protected":false},"author":1766,"featured_media":0,"parent":0,"menu_order":0,"comment_status":"closed","ping_status":"closed","template":"","meta":[],"acf":[],"_links":{"self":[{"href":"https:\/\/isfdrec-sal.infd.edu.ar\/sitio\/wp-json\/wp\/v2\/pages\/1040"}],"collection":[{"href":"https:\/\/isfdrec-sal.infd.edu.ar\/sitio\/wp-json\/wp\/v2\/pages"}],"about":[{"href":"https:\/\/isfdrec-sal.infd.edu.ar\/sitio\/wp-json\/wp\/v2\/types\/page"}],"author":[{"embeddable":true,"href":"https:\/\/isfdrec-sal.infd.edu.ar\/sitio\/wp-json\/wp\/v2\/users\/1766"}],"replies":[{"embeddable":true,"href":"https:\/\/isfdrec-sal.infd.edu.ar\/sitio\/wp-json\/wp\/v2\/comments?post=1040"}],"version-history":[{"count":3,"href":"https:\/\/isfdrec-sal.infd.edu.ar\/sitio\/wp-json\/wp\/v2\/pages\/1040\/revisions"}],"predecessor-version":[{"id":1066,"href":"https:\/\/isfdrec-sal.infd.edu.ar\/sitio\/wp-json\/wp\/v2\/pages\/1040\/revisions\/1066"}],"wp:attachment":[{"href":"https:\/\/isfdrec-sal.infd.edu.ar\/sitio\/wp-json\/wp\/v2\/media?parent=1040"}],"curies":[{"name":"wp","href":"https:\/\/api.w.org\/{rel}","templated":true}]}}